{"id":59,"date":"2016-03-09T13:02:11","date_gmt":"2016-03-09T11:02:11","guid":{"rendered":"http:\/\/policlinica-amaradia.ro\/\/?page_id=59"},"modified":"2024-10-09T19:51:10","modified_gmt":"2024-10-09T16:51:10","slug":"laborator-de-analize-medicale","status":"publish","type":"page","link":"https:\/\/policlinica-amaradia.ro\/?page_id=59","title":{"rendered":"POLICLINICA AMARADIA SRL &#8211; Laborator de analize medicale"},"content":{"rendered":"<p><span style=\"color: #0000ff;\"><strong>Pentru programari:<\/strong><\/span><br \/>\n<span style=\"color: #ff0000;\"><strong>Tel 0351808917 \/ 0770136367<\/strong><\/span><br \/>\n<span style=\"color: #ff0000;\"><strong>Fax 0251422738<\/strong><\/span><\/p>\n<p><a href=\"http:\/\/policlinica-amaradia.ro\/wp-content\/uploads\/2022\/05\/LISTA-ANALIZE-MEDICALE-CAS.pdf\">LISTA ANALIZE MEDICALE CAS<\/a><\/p>\n<p><a href=\"http:\/\/policlinica-amaradia.ro\/wp-content\/uploads\/2024\/10\/Tarife_asistenta_medicala_ambulatorie-clinica_2024.pdf\">PACHETUL DE SERVICII MEDICALE \u00ceN ASISTEN\u0162A MEDICAL\u0102 AMBULATORIE DE SPECIALITATE PENTRU SPECIALIT\u0102\u021aI CLINICE<\/a><br \/>\n<!--\n<a href=\"http:\/\/policlinica-amaradia.ro\/wp-content\/uploads\/2023\/07\/PACHETUL-DE-SERVICII-MEDICALE-IN-ASISTENTA-MEDICALA-AMBULATORIE-DE-SPECIALITATE-PENTRU-SPECIALITATI-CLINICE.pdf\">PACHETUL DE SERVICII MEDICALE \u00ceN ASISTEN\u0162A MEDICAL\u0102 AMBULATORIE DE SPECIALITATE PENTRU SPECIALIT\u0102\u021aI CLINICE<\/a>\n--><br \/>\n<a href=\"http:\/\/policlinica-amaradia.ro\/wp-content\/uploads\/2024\/10\/Tarife_asisteta_medicala_paraclinica_2024-.pdf\">PACHETUL DE SERVICII MEDICALE DE BAZ\u0102 \u00ceN ASISTEN\u0162A MEDICAL\u0102 AMBULATORIE DE SPECIALITATE PENTRU SPECIALIT\u0102\u0162ILE PARACLINICE<\/a><br \/>\n<!--\n<span style=\"font-size: revert; color: initial;\"><a href=\"http:\/\/policlinica-amaradia.ro\/wp-content\/uploads\/2023\/07\/Lista-investigatiilor-paraclinice-analize-de-laborator.pdf\">Lista investiga\u0163iilor paraclinice - analize de laborator<\/a><\/span>\n--><br \/>\n<span style=\"font-size: revert; color: initial;\"><a href=\"http:\/\/policlinica-amaradia.ro\/wp-content\/uploads\/2023\/07\/Lista-investigatiilor-paraclinice-de-radiologie-imagistica-medicala-si-medicina-nucleara.pdf\">Lista investiga\u0163iilor paraclinice de radiologie &#8211; imagistic\u0103 medical\u0103 \u015fi medicin\u0103 nuclear\u0103<\/a><br \/>\nProgram lucru:<\/span><\/p>\n<p>Luni &#8211; Vineri: 8:00 \u2013 20:00<\/p>\n","protected":false},"excerpt":{"rendered":"<p>Pentru programari: Tel 0351808917 \/ 0770136367 Fax 0251422738 LISTA ANALIZE MEDICALE CAS PACHETUL DE SERVICII MEDICALE \u00ceN ASISTEN\u0162A MEDICAL\u0102 AMBULATORIE DE SPECIALITATE PENTRU SPECIALIT\u0102\u021aI CLINICE PACHETUL DE SERVICII MEDICALE DE BAZ\u0102 \u00ceN ASISTEN\u0162A MEDICAL\u0102 AMBULATORIE DE SPECIALITATE PENTRU SPECIALIT\u0102\u0162ILE PARACLINICE Lista investiga\u0163iilor paraclinice de radiologie &#8211; imagistic\u0103 medical\u0103 \u015fi medicin\u0103 nuclear\u0103 Program lucru: Luni &#8211;<\/p>\n<p><a href=\"https:\/\/policlinica-amaradia.ro\/?page_id=59\" class=\"more-link themebutton\">Read More<\/a><\/p>\n","protected":false},"author":1,"featured_media":0,"parent":46,"menu_order":0,"comment_status":"closed","ping_status":"closed","template":"","meta":{"footnotes":""},"class_list":["post-59","page","type-page","status-publish","hentry"],"_links":{"self":[{"href":"https:\/\/policlinica-amaradia.ro\/index.php?rest_route=\/wp\/v2\/pages\/59","targetHints":{"allow":["GET"]}}],"collection":[{"href":"https:\/\/policlinica-amaradia.ro\/index.php?rest_route=\/wp\/v2\/pages"}],"about":[{"href":"https:\/\/policlinica-amaradia.ro\/index.php?rest_route=\/wp\/v2\/types\/page"}],"author":[{"embeddable":true,"href":"https:\/\/policlinica-amaradia.ro\/index.php?rest_route=\/wp\/v2\/users\/1"}],"replies":[{"embeddable":true,"href":"https:\/\/policlinica-amaradia.ro\/index.php?rest_route=%2Fwp%2Fv2%2Fcomments&post=59"}],"version-history":[{"count":14,"href":"https:\/\/policlinica-amaradia.ro\/index.php?rest_route=\/wp\/v2\/pages\/59\/revisions"}],"predecessor-version":[{"id":907,"href":"https:\/\/policlinica-amaradia.ro\/index.php?rest_route=\/wp\/v2\/pages\/59\/revisions\/907"}],"up":[{"embeddable":true,"href":"https:\/\/policlinica-amaradia.ro\/index.php?rest_route=\/wp\/v2\/pages\/46"}],"wp:attachment":[{"href":"https:\/\/policlinica-amaradia.ro\/index.php?rest_route=%2Fwp%2Fv2%2Fmedia&parent=59"}],"curies":[{"name":"wp","href":"https:\/\/api.w.org\/{rel}","templated":true}]}}