{"id":66,"date":"2016-03-09T13:10:49","date_gmt":"2016-03-09T11:10:49","guid":{"rendered":"http:\/\/policlinica-amaradia.ro\/\/?page_id=66"},"modified":"2024-10-09T19:50:43","modified_gmt":"2024-10-09T16:50:43","slug":"spitalizare-de-zi","status":"publish","type":"page","link":"https:\/\/policlinica-amaradia.ro\/?page_id=66","title":{"rendered":"CENTRUL MEDICAL AMARADIA SRL &#8211; Spitalizare de zi"},"content":{"rendered":"<p><strong><span style=\"color: #ff0000;\">SPITALIZARE DE ZI<\/span><\/strong><br \/>\n\u201c<span style=\"color: #ff0000;\">Spitalizarea de zi<\/span>\u201d este un serviciu de care pot beneficia toti pacientii asigurati care au nevoie de investigatii amanuntite pentru diagnosticarea unei afectiuni, monitorizarea afectiunilor cornice, explorare preoperatorie, investigatii de microchirurgie si controale postoperatorii care nu se pot realize in ambulatoriu. Aceste servicii asigura pacientilor posibilitatea de a efectua intr-o singura zi toate investigatiile necesare nemaifiind obligtorie internarea continua.<br \/>\nDurata spitalizarii de zi este de cel putin 12 ore. Avantajele oferite de serviciile de spitalizare de zi din central nostrum medical sunt aparatura performanta, cadre medicale cu inalt grad de profesionalism, rapiditatea diagnosticului si saloane modern amenajate.<br \/>\nSpecialitati in regim <span style=\"color: #ff0000;\">SPITALIZARE DE ZI: MEDICINA INTERNA, ENDOCRINOLOGIE, ONCOLOGIE, DIABET SI BOLI DE NUTRITIE SI NEUROLOGIE<\/span>, pentru fiecare fiind disponibile consultatii si alte investigatii adecvate diagnosticului. Documente necesare: bilet de trimitere de la medic, adeverinta salariat \u2013 cupon pensie, card de sanatate.<\/p>\n<table>\n<tbody>\n<tr>\n<td style=\"vertical-align: bottom; align: left;\" width=\"50%\"><img loading=\"lazy\" decoding=\"async\" class=\"alignnone size-medium wp-image-748\" src=\"http:\/\/policlinica-amaradia.ro\/wp-content\/uploads\/2021\/02\/logo-anmcs-categorie-II-acreditare-300x208.png\" alt=\"\" width=\"300\" height=\"208\" srcset=\"https:\/\/policlinica-amaradia.ro\/wp-content\/uploads\/2021\/02\/logo-anmcs-categorie-II-acreditare-300x208.png 300w, https:\/\/policlinica-amaradia.ro\/wp-content\/uploads\/2021\/02\/logo-anmcs-categorie-II-acreditare-1024x709.png 1024w, https:\/\/policlinica-amaradia.ro\/wp-content\/uploads\/2021\/02\/logo-anmcs-categorie-II-acreditare-768x532.png 768w, https:\/\/policlinica-amaradia.ro\/wp-content\/uploads\/2021\/02\/logo-anmcs-categorie-II-acreditare-1536x1064.png 1536w, https:\/\/policlinica-amaradia.ro\/wp-content\/uploads\/2021\/02\/logo-anmcs-categorie-II-acreditare-2048x1419.png 2048w\" sizes=\"auto, (max-width: 300px) 100vw, 300px\" \/><\/td>\n<td style=\"vertical-align: bottom; align: left;\" width=\"50%\">Incepand din anul <span style=\"color: #ff0000;\">2017<\/span> , \u201c<strong>SC CENTRUL MEDICAL AMARADIA SRL<\/strong>\u201d, a introdus o noua specialitate, in contract cu CAS DOLJ:<\/p>\n<ul>\n<li>Neurologie<\/li>\n<\/ul>\n<p>Incepand cu anul <span style=\"color: #ff0000;\">2014<\/span>, \u201c<strong>SC CENTRUL MEDICAL AMARADIA SRL<\/strong>\u201d, este in contract cu CAS DOLJ pentru urmatoarele specialitati:<\/p>\n<ul>\n<li>Medicina Interna<\/li>\n<li>Endocrinologie<\/li>\n<li>Diabet si boli de nutritie<\/li>\n<li>Oncologie<\/li>\n<\/ul>\n<\/td>\n<\/tr>\n<\/tbody>\n<\/table>\n<p>Adresa mail pentru sesizari:<a href=\"mailto:cm_amaradia@yahoo.com\"> cm_amaradia@yahoo.com<\/a><\/p>\n<p>Criterii de internare: Diagnosticul nu poate fi stabilit si tratamentul nu poate fi efectuat\/sau monitorizat in ambulatoriu<\/p>\n<p><span style=\"color: #ff0000;\">Nr telefon internari:\u00a0\u00a0<\/span><span style=\"color: #ff0000;\">0351808917 interior 611 sau 0770137697<\/span><\/p>\n<p><a href=\"http:\/\/policlinica-amaradia.ro\/wp-content\/uploads\/2024\/10\/Spit.zi-B1.pdf\">PACHETUL DE BAZ\u0102 DE SERVICII MEDICALE \u00ceN ASISTEN\u0162A MEDICAL\u0102 SPITALICEASC\u0102<\/a><\/p>\n<p><!--\n<a href=\"http:\/\/policlinica-amaradia.ro\/wp-content\/uploads\/2022\/05\/LISTA-PRETURI-SPITALIZARE-ZI.pdf\">LISTA PRETURI SPITALIZARE ZI<\/a>\n--><br \/>\n<strong><span style=\"color: #0000ff;\">Program medici INTERNARE DE ZI \u2013 SC CENTRUL MEDICAL AMARADIA SRL<\/span><\/strong><\/p>\n<p style=\"text-align: center;\"><strong>SC CENTRUL MEDICAL AMARADIA SRL<\/strong><br \/>\n<span style=\"color: #999999;\">PROGRAM DE ACTIVITATE<\/span><\/p>\n<table width=\"971\">\n<tbody>\n<tr>\n<td width=\"206\"><strong>NUME MEDIC<\/strong><\/td>\n<td width=\"123\"><strong>LUNI<\/strong><\/td>\n<td width=\"142\"><strong>MARTI<\/strong><\/td>\n<td width=\"151\"><strong>MIERCURI<\/strong><\/td>\n<td width=\"132\"><strong>JOI<\/strong><\/td>\n<td width=\"217\"><strong>VINERI<\/strong><\/td>\n<\/tr>\n<tr>\n<td width=\"206\">TUDORASCU IULIA<\/td>\n<td width=\"123\">8.00 \u2013 11.30<\/td>\n<td width=\"142\">8.00 \u2013 11.30<\/td>\n<td width=\"151\">8.00 \u2013 11.30<\/td>\n<td width=\"132\">8.00 \u2013 11.30<\/td>\n<td width=\"217\">8.00 \u2013 11.30<\/td>\n<\/tr>\n<tr>\n<td width=\"206\">BALSANU AGRIPINA<\/td>\n<td width=\"123\">8.00 \u2013 11.30<\/td>\n<td width=\"142\">8.00 \u2013 11.30<\/td>\n<td width=\"151\">8.00 \u2013 11.30<\/td>\n<td width=\"132\">8.00 \u2013 11.30<\/td>\n<td width=\"217\">8.00 \u2013 11.30<\/td>\n<\/tr>\n<tr>\n<td width=\"206\">TOTORA IONELA<\/td>\n<td width=\"123\">11.00 &#8211; 14.30<\/td>\n<td width=\"142\">11.00 &#8211; 14.30<\/td>\n<td width=\"151\">11.00 &#8211; 14.30<\/td>\n<td width=\"132\">11.00 &#8211; 14.30<\/td>\n<td width=\"217\">11.00 &#8211; 14.30<\/td>\n<\/tr>\n<tr>\n<td width=\"206\">POPESCU TOMINA<\/td>\n<td width=\"123\">8.00 &#8211; 11.30<\/td>\n<td width=\"142\">8.00 &#8211; 11.30<\/td>\n<td width=\"151\">14.00 &#8211; 17.30<\/td>\n<td width=\"132\">8.00 &#8211; 11.30<\/td>\n<td width=\"217\">14.00 &#8211; 17.30<\/td>\n<\/tr>\n<tr>\n<td width=\"206\">SCHIOPU SIMONA<\/td>\n<td width=\"123\">8.00 \u2013 11.30<\/td>\n<td width=\"142\">8.00 \u2013 11.30<\/td>\n<td width=\"151\">8.00 \u2013 11.30<\/td>\n<td width=\"132\">8.00 \u2013 11.30<\/td>\n<td width=\"217\">8.00 \u2013 11.30<\/td>\n<\/tr>\n<tr>\n<td width=\"206\">BICU DANIEL<\/td>\n<td width=\"123\">14.30 \u2013 18.00<\/td>\n<td width=\"142\">8.00 \u2013 11.30<\/td>\n<td width=\"151\">14.30 \u2013 18.00<\/td>\n<td width=\"132\">8.00 \u2013 11.30<\/td>\n<td width=\"217\">14.30 \u2013 18.00\/8.00 \u2013 11.30<\/td>\n<\/tr>\n<\/tbody>\n<\/table>\n<p><span style=\"color: #0000ff;\"><strong>SERVICII MEDICALE DECONTATE DE CAS<\/strong><\/span><\/p>\n<p><span style=\"font-size: medium;\">\u00a0<\/span><\/p>\n<table id=\"AutoNumber1\" style=\"border-collapse: collapse;\" border=\"0\" width=\"100%\" cellspacing=\"0\" cellpadding=\"0\">\n<tbody>\n<tr>\n<td width=\"25%\"><span style=\"color: #339966;\"><b><a style=\"color: #339966;\" href=\"#1\">MEDICINA INTERNA<\/a><\/b><\/span><\/p>\n<ul>\n<li>CONSULTATIE<\/li>\n<li>EKG<\/li>\n<li>ECOGRAFIE GENERALA<\/li>\n<li>ANALIZE MEDICALE<\/li>\n<\/ul>\n<table border=\"1\" width=\"603\" cellspacing=\"1\" cellpadding=\"7\" align=\"left\">\n<tbody>\n<tr>\n<td valign=\"BOTTOM\" bgcolor=\"#ffffff\" height=\"20\"><span style=\"font-family: Arial;\">K30 &#8211;<br \/>\nDispepsia<\/span><\/td>\n<\/tr>\n<tr>\n<td valign=\"BOTTOM\" bgcolor=\"#ffffff\" height=\"20\"><span style=\"font-family: Arial;\">D50.8 &#8211;<br \/>\nAlte anemii prin carenta de fier<\/span><\/td>\n<\/tr>\n<tr>\n<td valign=\"BOTTOM\" bgcolor=\"#ffffff\" height=\"20\"><span style=\"font-family: Arial;\">K82.8 &#8211;<br \/>\nAlte boli specificate ale vezicii biliare<\/span><\/td>\n<\/tr>\n<tr>\n<td valign=\"BOTTOM\" bgcolor=\"#ffffff\" height=\"20\"><span style=\"font-family: Arial;\">Z51.88<br \/>\n&#8211; Alte ingrijiri medicale specificate<\/span><\/td>\n<\/tr>\n<tr>\n<td valign=\"BOTTOM\" bgcolor=\"#ffffff\" height=\"20\"><span style=\"font-family: Arial;\">J15.8 &#8211;<br \/>\nAlte pneumonii bacteriene<\/span><\/td>\n<\/tr>\n<tr>\n<td valign=\"BOTTOM\" bgcolor=\"#ffffff\" height=\"20\"><span style=\"font-family: Arial;\">D50.0-<br \/>\nAnemia prin carenta de fier secundara unei pierderi de sange (cronica)<\/span><\/td>\n<\/tr>\n<tr>\n<td valign=\"BOTTOM\" bgcolor=\"#ffffff\" height=\"20\"><span style=\"font-family: Arial;\">D50.9 &#8211;<br \/>\nAnemia prin carenta de fier &#8211; nespecificata<\/span><\/td>\n<\/tr>\n<tr>\n<td valign=\"BOTTOM\" bgcolor=\"#ffffff\" height=\"20\"><span style=\"font-family: Arial;\">J84.9 &#8211;<br \/>\nBoala pulmonara interstitiala nespecificata<\/span><\/td>\n<\/tr>\n<tr>\n<td valign=\"BOTTOM\" bgcolor=\"#ffffff\" height=\"20\"><span style=\"font-family: Arial;\">J44,9 &#8211;<br \/>\nBoala pulmonara obstructiva cronica nespecificata<\/span><\/td>\n<\/tr>\n<tr>\n<td valign=\"BOTTOM\" bgcolor=\"#ffffff\" height=\"20\"><span style=\"font-family: Arial;\">K21.0 &#8211;<br \/>\nBoala refluxului gastroesofagian cu esofagita<\/span><\/td>\n<\/tr>\n<tr>\n<td valign=\"BOTTOM\" bgcolor=\"#ffffff\" height=\"20\"><span style=\"font-family: Arial;\">K21.9 &#8211;<br \/>\nBoala refluxului gastroesofagian fara esofagita<\/span><\/td>\n<\/tr>\n<tr>\n<td valign=\"BOTTOM\" bgcolor=\"#ffffff\" height=\"20\"><span style=\"font-family: Arial;\">K81.8 &#8211;<br \/>\nAlte colecistite<\/span><\/td>\n<\/tr>\n<tr>\n<td valign=\"BOTTOM\" bgcolor=\"#ffffff\" height=\"20\"><span style=\"font-family: Arial;\">K81.1 &#8211;<br \/>\nColecistita cronica<\/span><\/td>\n<\/tr>\n<tr>\n<td valign=\"BOTTOM\" height=\"20\"><span style=\"font-family: Arial;\">K76.0 &#8211; Degenerescenta<br \/>\ngrasoasa a ficatului neclasificata altun<\/span><\/td>\n<\/tr>\n<tr>\n<td valign=\"BOTTOM\" bgcolor=\"#ffffff\" height=\"20\"><span style=\"font-family: Arial;\">M54.5 &#8211;<br \/>\nDorsalgie joasa<\/span><\/td>\n<\/tr>\n<tr>\n<td valign=\"BOTTOM\" bgcolor=\"#ffffff\" height=\"20\"><span style=\"font-family: Arial;\">K29.5 &#8211;<br \/>\nGastrita cronica nespecificata<\/span><\/td>\n<\/tr>\n<tr>\n<td valign=\"BOTTOM\" bgcolor=\"#ffffff\" height=\"20\"><span style=\"font-family: Arial;\">K29.9 &#8211;<br \/>\nGastroduodenita nespecificata<\/span><\/td>\n<\/tr>\n<tr>\n<td valign=\"BOTTOM\" bgcolor=\"#ffffff\" height=\"20\"><span style=\"font-family: Arial;\">K52.9 &#8211;<br \/>\nGastroenterita si colita neinfectioase nespecificate<\/span><\/td>\n<\/tr>\n<tr>\n<td valign=\"BOTTOM\" bgcolor=\"#ffffff\" height=\"20\"><span style=\"font-family: Arial;\">K73.2 &#8211;<br \/>\nHepatita activa cronica neclasificata altundeva<\/span><\/td>\n<\/tr>\n<tr>\n<td valign=\"BOTTOM\" bgcolor=\"#ffffff\" height=\"20\"><span style=\"font-family: Arial;\">K70.1 &#8211;<br \/>\nHepatita alcoolica <\/span><\/td>\n<\/tr>\n<tr>\n<td valign=\"BOTTOM\" bgcolor=\"#ffffff\" height=\"20\"><span style=\"font-family: Arial;\">K75.2 &#8211;<br \/>\nHepatita reactiva nespecificata<\/span><\/td>\n<\/tr>\n<tr>\n<td valign=\"BOTTOM\" bgcolor=\"#ffffff\" height=\"20\"><span style=\"font-family: Arial;\">N39.0 &#8211;<br \/>\nInfectia tractului urinar cu localizare nespecificata<\/span><\/td>\n<\/tr>\n<tr>\n<td valign=\"BOTTOM\" bgcolor=\"#ffffff\" height=\"20\"><span style=\"font-family: Arial;\">M54.4 &#8211;<br \/>\nLumbago cu sciatica<\/span><\/td>\n<\/tr>\n<tr>\n<td valign=\"BOTTOM\" bgcolor=\"#ffffff\" height=\"20\"><span style=\"font-family: Arial;\">J18.9 &#8211;<br \/>\nPneumonie nespecificata<\/span><\/td>\n<\/tr>\n<tr>\n<td valign=\"BOTTOM\" bgcolor=\"#ffffff\" height=\"20\"><span style=\"font-family: Arial;\">J12.9 &#8211;<br \/>\nPneumonie virala nespecificata<\/span><\/td>\n<\/tr>\n<tr>\n<td valign=\"BOTTOM\" bgcolor=\"#ffffff\" height=\"20\"><span style=\"font-family: Arial;\">K58.9 &#8211;<br \/>\nSindromul intestinului iritabil fara diaree<\/span><\/td>\n<\/tr>\n<tr>\n<td valign=\"BOTTOM\" bgcolor=\"#ffffff\" height=\"20\"><span style=\"font-family: Arial;\"><br \/>\n<\/span><\/p>\n<p dir=\"ltr\"><span style=\"font-family: Arial;\">K58.0 &#8211; Sindromul intestinului iritabil cu diaree<\/span><\/p>\n<\/td>\n<\/tr>\n<\/tbody>\n<\/table>\n<p>LA EXTERNARE SE ELIBEREAZA: BILET DE EXTERNARE, SCRISOARE MEDICALA, ANALIZE,<br \/>\nRETETA.<\/td>\n<td width=\"25%\"><span style=\"color: #339966;\"><b>NEUROLOGIE<\/b><\/span><\/p>\n<ul>\n<li>CONSULTATIE<\/li>\n<li>EKG<\/li>\n<li>ECOGRAFIE DOPPLER<\/li>\n<li>ANALIZE MEDICALE<\/li>\n<\/ul>\n<table border=\"1\" width=\"520\" cellspacing=\"1\" cellpadding=\"7\" align=\"left\">\n<tbody>\n<tr>\n<td valign=\"BOTTOM\" bgcolor=\"#ffffff\" height=\"20\"><span style=\"font-family: Arial;\">Sindrom<br \/>\nvertebro-bazila &#8211; G45,0<\/span><\/td>\n<\/tr>\n<tr>\n<td valign=\"BOTTOM\" bgcolor=\"#ffffff\" height=\"20\"><span style=\"font-family: Arial;\"><br \/>\nArteroscleroza cerebrala &#8211; I67.2<\/span><\/td>\n<\/tr>\n<tr>\n<td valign=\"BOTTOM\" bgcolor=\"#ffffff\" height=\"20\"><span style=\"font-family: Arial;\">Alte<br \/>\nboli cerebrovasculare, specifice &#8211; I67.8<\/span><\/td>\n<\/tr>\n<tr>\n<td valign=\"BOTTOM\" bgcolor=\"#ffffff\" height=\"20\"><span style=\"font-family: Arial;\">Alte<br \/>\ningrijiri medicale specifice &#8211; Z51.88<\/span><\/td>\n<\/tr>\n<tr>\n<td valign=\"BOTTOM\" bgcolor=\"#ffffff\" height=\"20\"><span style=\"font-family: Arial;\"><br \/>\nDorsalgie joasa &#8211; M54.5<\/span><\/td>\n<\/tr>\n<tr>\n<td dir=\"ltr\" valign=\"BOTTOM\" bgcolor=\"#ffffff\" height=\"20\">\n<p dir=\"ltr\">Lumbago cu sciatica &#8211; M54.4<\/p>\n<\/td>\n<\/tr>\n<\/tbody>\n<\/table>\n<p>LA EXTERNARE SE ELIBEREAZA: BILET DE EXTERNARE, SCRISOARE MEDICALA, ANALIZE,<br \/>\nRETETA.<\/td>\n<td width=\"25%\"><span style=\"color: #339966;\"><b><a style=\"color: #339966;\" href=\"#4\">DIABET SI BOLI DE NUTRITIE<\/a><\/b><\/span><\/p>\n<ul>\n<li>CONSULTATIE<\/li>\n<li>EKG<\/li>\n<li>ANALIZE MEDICALE<\/li>\n<\/ul>\n<table border=\"1\" width=\"530\" cellspacing=\"1\" cellpadding=\"7\" align=\"left\">\n<tbody>\n<tr>\n<td valign=\"BOTTOM\" bgcolor=\"#ffffff\" height=\"20\"><span style=\"font-family: Arial;\">E66.0 &#8211; Obezitate datorita unui exces caloric<\/span><\/td>\n<\/tr>\n<tr>\n<td valign=\"BOTTOM\" bgcolor=\"#ffffff\" height=\"20\"><span style=\"font-family: Arial;\">E10.65 &#8211; Diabet mellitus (zaharat) tip 1 cu<br \/>\ncontrol slab <\/span><\/td>\n<\/tr>\n<tr>\n<td valign=\"BOTTOM\" bgcolor=\"#ffffff\" height=\"20\"><span style=\"font-family: Arial;\">E11.65 &#8211; Diabet mellitus (zaharat) tip 2 cu<br \/>\ncontrol slab <\/span><\/td>\n<\/tr>\n<tr>\n<td valign=\"BOTTOM\" bgcolor=\"#ffffff\" height=\"20\"><span style=\"font-family: Arial;\">E11.9 &#8211; Diabet mellitus (zaharat) tip 2 fara<br \/>\ncomplicatii<\/span><\/td>\n<\/tr>\n<tr>\n<td valign=\"BOTTOM\" bgcolor=\"#ffffff\" height=\"20\"><span style=\"font-family: Arial;\">E44.1 &#8211; Malnutritia proteino-energetica usoara<\/span><\/td>\n<\/tr>\n<tr>\n<td valign=\"BOTTOM\" bgcolor=\"#ffffff\" height=\"20\"><span style=\"font-family: Arial;\">E44.0 &#8211; Malnutritia proteino-energetica moderata<\/span><\/td>\n<\/tr>\n<tr>\n<td valign=\"BOTTOM\" bgcolor=\"#ffffff\" height=\"20\"><span style=\"font-family: Arial;\">E78.2 &#8211; Hiperlipidemie mixta<\/span><\/td>\n<\/tr>\n<\/tbody>\n<\/table>\n<p>LA EXTERNARE SE ELIBEREAZA: BILET DE EXTERNARE, SCRISOARE MEDICALA, ANALIZE,<br \/>\nRETETA<\/td>\n<\/tr>\n<\/tbody>\n<\/table>\n","protected":false},"excerpt":{"rendered":"<p>SPITALIZARE DE ZI \u201cSpitalizarea de zi\u201d este un serviciu de care pot beneficia toti pacientii asigurati care au nevoie de investigatii amanuntite pentru diagnosticarea unei afectiuni, monitorizarea afectiunilor cornice, explorare preoperatorie, investigatii de microchirurgie si controale postoperatorii care nu se pot realize in ambulatoriu. Aceste servicii asigura pacientilor posibilitatea de a efectua intr-o singura zi<\/p>\n<p><a href=\"https:\/\/policlinica-amaradia.ro\/?page_id=66\" class=\"more-link themebutton\">Read More<\/a><\/p>\n","protected":false},"author":1,"featured_media":0,"parent":44,"menu_order":0,"comment_status":"closed","ping_status":"closed","template":"","meta":{"footnotes":""},"class_list":["post-66","page","type-page","status-publish","hentry"],"_links":{"self":[{"href":"https:\/\/policlinica-amaradia.ro\/index.php?rest_route=\/wp\/v2\/pages\/66","targetHints":{"allow":["GET"]}}],"collection":[{"href":"https:\/\/policlinica-amaradia.ro\/index.php?rest_route=\/wp\/v2\/pages"}],"about":[{"href":"https:\/\/policlinica-amaradia.ro\/index.php?rest_route=\/wp\/v2\/types\/page"}],"author":[{"embeddable":true,"href":"https:\/\/policlinica-amaradia.ro\/index.php?rest_route=\/wp\/v2\/users\/1"}],"replies":[{"embeddable":true,"href":"https:\/\/policlinica-amaradia.ro\/index.php?rest_route=%2Fwp%2Fv2%2Fcomments&post=66"}],"version-history":[{"count":57,"href":"https:\/\/policlinica-amaradia.ro\/index.php?rest_route=\/wp\/v2\/pages\/66\/revisions"}],"predecessor-version":[{"id":906,"href":"https:\/\/policlinica-amaradia.ro\/index.php?rest_route=\/wp\/v2\/pages\/66\/revisions\/906"}],"up":[{"embeddable":true,"href":"https:\/\/policlinica-amaradia.ro\/index.php?rest_route=\/wp\/v2\/pages\/44"}],"wp:attachment":[{"href":"https:\/\/policlinica-amaradia.ro\/index.php?rest_route=%2Fwp%2Fv2%2Fmedia&parent=66"}],"curies":[{"name":"wp","href":"https:\/\/api.w.org\/{rel}","templated":true}]}}