{"id":665,"date":"2020-09-11T10:28:06","date_gmt":"2020-09-11T07:28:06","guid":{"rendered":"http:\/\/policlinica-amaradia.ro\/?page_id=665"},"modified":"2020-09-11T10:28:23","modified_gmt":"2020-09-11T07:28:23","slug":"recuperare-activa-mobilizare-precoce-si-stil-sanatos-de-viata","status":"publish","type":"page","link":"https:\/\/policlinica-amaradia.ro\/?page_id=665","title":{"rendered":"RECUPERARE ACTIVA, MOBILIZARE PRECOCE SI STIL SANATOS DE VIATA"},"content":{"rendered":"\n<h4 class=\"wp-block-heading\"><strong>Informa\u021bii privind recuperarea activ\u0103 a pacientului, mobilizarea precoce \u0219i stilul s\u0103n\u0103tos de via\u021b\u0103 al acestuia \u0219i elemente principale de lupt\u0103 \u00eempotriva durerii cronice<\/strong><\/h4>\n\n\n\n<p><strong>Recuperarea activ\u0103 a pacientului<\/strong><\/p>\n\n\n\n<p>Programul de recuperare&nbsp;este constituit din totalitatea procedeelor care ajut\u0103 la recuperarea fizic\u0103 \u0219i psihic\u0103 a pacien\u021bilor care au suferit de diferite afec\u021biuni.<\/p>\n\n\n\n<p>Reabilitarea trebuie instituit\u0103 c\u00e2t mai cur\u00e2nd posibil, pentru a asigura desf\u0103\u0219urarea unei vie\u021bi normale.<\/p>\n\n\n\n<p>Metodele de reabilitare difer\u0103 de la o persoan\u0103 la alta, \u00eens\u0103 au acela\u0219i scop \u0219i anume:<\/p>\n\n\n\n<p>\u2013 dob\u00e2ndirea unui status func\u021bional, care s\u0103 ofere independen\u021ba \u0219i ajutor minim din partea celorlalte persoane;<\/p>\n\n\n\n<p>\u2013 acomodarea fizic\u0103 \u0219i psihic\u0103 a persoanei cu schimb\u0103rile determinate de boal\u0103;<\/p>\n\n\n\n<p>\u2013 integrarea corespunz\u0103toare \u00een familie \u0219i comunitate.<\/p>\n\n\n\n<p>Func\u021biile motorii (folosirea membrelor, mersul) se recupereaz\u0103 dup\u0103 un interval relativ scurt de timp, de aceea este foarte important c\u0103 reabilitarea \u0219i recuperarea fizic\u0103 s\u0103 se \u00eenceap\u0103 c\u00e2t mai cur\u00e2nd posibil. Pacientul este \u00eencurajat s\u0103 se ridice din pat \u0219i s\u0103 \u00eencerce s\u0103 fac\u0103 c\u00e2\u021biva pa\u0219i. \u00cen unele cazuri acest proces poate s\u0103 dureze p\u00e2n\u0103 ce pacientul \u00ee\u0219i reface for\u021b\u0103 muscular\u0103 \u0219i \u00eenva\u021b\u0103 s\u0103 p\u0103\u0219easc\u0103 din nou (\u00eenva\u021b\u0103 s\u0103 mearg\u0103 a dou\u0103 oar\u0103).<\/p>\n\n\n\n<p>Recuperarea ini\u021bial\u0103 variaz\u0103 de la un pacient la altul, \u00een func\u021bie de mai mul\u021bi factori, precum: afec\u021biunea de care a suferit, v\u00e2rst\u0103 pacientului \u0219i bolile asociate.<\/p>\n\n\n\n<p>De asemenea, recuperarea necesit\u0103 mult\u0103 r\u0103bdare \u0219i sprijin din partea personalului sanitar, precum \u0219i a familiei \u0219i prietenilor.<\/p>\n\n\n\n<p>Reabilitarea ini\u021bial\u0103 continu\u0103 \u0219i dup\u0103 externarea sau transferul pacientului \u00eentr-o alt\u0103 sec\u021bie medical\u0103 (de recuperare medical\u0103).<\/p>\n\n\n\n<p>Programul de reabilitare include:<\/p>\n\n\n\n<p>\u2013 o serie de&nbsp;exerci\u021bii fizice,<\/p>\n\n\n\n<p>\u2013 tratament medicamentos (dac\u0103 este necesar),<\/p>\n\n\n\n<p>\u2013 consiliere psihologic\u0103,<\/p>\n\n\n\n<p>\u2013 \u00eencurajarea activit\u0103\u021bilor sociale (plimb\u0103rile, cititul etc),<\/p>\n\n\n\n<p>\u2013 participarea \u00een diferite programe educa\u021bionale,<\/p>\n\n\n\n<p>\u2013 stil de via\u021b\u0103 s\u0103n\u0103tos,<\/p>\n\n\n\n<p>\u2013 \u00eencurajarea unor activit\u0103\u021bi care \u00eei pot oferii independen\u021ba necesar\u0103 desf\u0103\u0219ur\u0103rii unei vie\u021bi normale.<\/p>\n\n\n\n<p>Reabilitarea este un proces \u00eendelungat care poate s\u0103 devin\u0103 frustrant \u0219i care poate s\u0103 declan\u0219eze episoade recurente de&nbsp;depresie. \u00cen acest caz se recomand\u0103 consilierea psihologic\u0103 \u0219i tratamentul medicamentos de specialitate. Tulbur\u0103rile de limbaj \u0219i comunicare pot \u00eencetini recuperarea pacientului, astfel c\u0103 reintegrarea social\u0103 poate fi, de asemenea, mai grea. Este bine c\u0103 pacientul s\u0103 discute cu familia despre frustr\u0103rile pe care le are, pentru a trece mai u\u0219or peste acestea.<\/p>\n\n\n\n<p><strong>Stilul s\u0103n\u0103tos de via\u021b\u0103<\/strong><\/p>\n\n\n\n<p>Este compus din:<\/p>\n\n\n\n<p>\u2013&nbsp;&nbsp;&nbsp;&nbsp;&nbsp;&nbsp; odihn\u0103 (somnul), odihn\u0103 activ\u0103&nbsp;\u0219i managementul stresului (managementul energiei),<\/p>\n\n\n\n<p>\u2013&nbsp;&nbsp;&nbsp;&nbsp;&nbsp;&nbsp; alimenta\u021bia s\u0103n\u0103toas\u0103&nbsp;\u0219i hidratare,<\/p>\n\n\n\n<p>\u2013&nbsp;&nbsp;&nbsp;&nbsp;&nbsp;&nbsp; munca \u0219i mi\u0219carea,<\/p>\n\n\n\n<p>\u2013&nbsp;&nbsp;&nbsp;&nbsp;&nbsp;&nbsp; educa\u021bia,<\/p>\n\n\n\n<p>\u2013&nbsp;&nbsp;&nbsp;&nbsp;&nbsp;&nbsp; natura \u2013 factorii naturali.<br><strong>Odihn\u0103<\/strong>:&nbsp;7-9 ore pe zi \u2013 cine doarme mai pu\u021bin sau mai mult \u00ee\u0219i scurteaz\u0103 via\u021ba.<\/p>\n\n\n\n<p>Odihna prin&nbsp;somn, cel mai s\u0103n\u0103tos somn este noaptea \u00eentre ora 22:00 \u2013 23:00&nbsp;p\u00e2n\u0103 la&nbsp;6:00 \u2013 07:00 diminea\u021ba.<\/p>\n\n\n\n<p>Odihna poate s\u0103 fie \u0219i activ\u0103. Odihna activ\u0103 sau&nbsp;s\u0103 faci ceva ce te destinde, ce te relaxeaz\u0103, s\u0103 faci ce-\u021bi place \u00een via\u021b\u0103: dans, \u00eenot, munc\u0103 pl\u0103cut\u0103 intens\u0103, mi\u0219care, exerci\u021biu fizic&nbsp;sau sport intens, cititul unei c\u0103r\u021bi,&nbsp;ascultarea muzicii,&nbsp;plimbarea cu prietenii prin parc (prin natur\u0103), etc.<\/p>\n\n\n\n<p><strong>Alimenta\u021bia s\u0103n\u0103toas\u0103<\/strong>: mai pu\u021bin\u0103 m\u00e2ncare animal\u0103, protein\u0103, gr\u0103sime animal\u0103 (lapte, br\u00e2nz\u0103, carne, ou\u0103 \u0219i derivate din acestea) \u0219i mai mult\u0103 m\u00e2ncare vegetal\u0103 cum recomand\u0103 din ce \u00een ce mai mul\u021bi doctori nutri\u021bioni\u0219ti.<br><strong>Hidratarea<\/strong>: 6-10 pahare de ap\u0103 pe zi, de preferat minim&nbsp;7-8 pahare (2 litri) de ap\u0103 pe zi (ap\u0103 \u0219i NU cafea, b\u0103uturi dulci sau acidulate, sucurile de pe pia\u021b\u0103, de preferat ap\u0103 plat\u0103 sau chiar de la robinet \u2013 cine \u00ee\u0219i permite poate pune un filtru pe baz\u0103 de c\u0103rbune).<br><strong>Munca \u0219i mi\u0219carea<\/strong>: munc\u0103 (de preferat intens\u0103) 8 ore pe zi. Mi\u0219carea intens\u0103 \u00een urma c\u0103reia s\u0103 se transpire (mai ales pentru cei care au munc\u0103 sedentar\u0103, munc\u0103 de birou, etc.) minim 1 h pe zi sau&nbsp;lucrul \u00een gospod\u0103rie, exerci\u021bii fizice, sportul, chiar urcatul sc\u0103rilor \u0219i mersul pe jos minim 30-45 minute pe zi este s\u0103n\u0103tos.<br>Activit\u0103\u021bi fizice \u0219i controlul greut\u0103\u021bii.<br><strong>Managementul stresului<\/strong>&nbsp;(managementul energiei): s\u0103 lu\u0103m via\u021ba a\u0219a cum este cu bune \u0219i mai pu\u021bin bune, s\u0103 nu l\u0103s\u0103m necazurile, stresul s\u0103 ne doboare altfel sistemul imunitar va sc\u0103dea \u0219i la un om cu sistemul imunitar sc\u0103zut vor ap\u0103rea iminent boli, afec\u021biuni grave \u0219i chiar fatale: obezitate, cancer, diabet, boli cardiovasculare (BCV), atac vascular cerebral (AVC), etc.<br>S\u0103 g\u0103sim metode de a ne relaxa, de a ne deta\u0219a de stresul zilnic care ne poate aduce boli \u00een via\u021b\u0103 astfel: ascult\u00e2nd muzic\u0103 ce ne relaxeaz\u0103, sau citind o carte, ie\u0219ind cu prietenii sau animalele de companie \u00een zone cu verdea\u021b\u0103 \u00een care ne putem oxigena creierul \u0219i s\u0103 ne sim\u021bim mai bine, s\u0103 facem mi\u0219care, exerci\u021bii fizice. Sportul face ca sistemul imunitar s\u0103 fie mai rezistent \u0219i s\u0103 ne sim\u021bim mai bine s\u0103 fim mai rezisten\u021bi la stres \u0219i s\u0103 prevenim \u0219i chiar s\u0103 vindec\u0103m bolile care au fost declan\u0219ate de un stil de via\u021b\u0103 nes\u0103n\u0103tos.<\/p>\n\n\n\n<p><strong>Educa\u021bia<\/strong>&nbsp;(care include \u0219i autoeduca\u021bia, dezvoltarea personal\u0103):&nbsp;Educa\u021bia este un alt factor important&nbsp;care intr\u0103 \u00een componen\u021ba&nbsp;stilului de via\u021b\u0103 s\u0103n\u0103tos. Stilul de via\u021b\u0103 s\u0103n\u0103tos \u00eenseamn\u0103 s\u0103 ne schimb\u0103m modul de a tr\u0103i dar \u0219i&nbsp;modul de g\u00e2ndire (nes\u0103n\u0103tos) cu&nbsp;un mod de tr\u0103i \u0219i de g\u00e2ndire s\u0103n\u0103toas\u0103 constructiv\u0103, pozitiv\u0103.<\/p>\n\n\n\n<p>S\u0103&nbsp;renun\u021b\u0103m&nbsp;prin informare, educare,&nbsp;auto educare la obiceiurile proaste, nes\u0103n\u0103toase \u0219i s\u0103 le&nbsp;\u00eenlocuim prin obiceiuri bune, s\u0103n\u0103toase pentru noi \u0219i cei din jurul nostru.<\/p>\n\n\n\n<p><strong>Elemente principale de lupt\u0103 \u00eempotriva durerii cronice<\/strong><\/p>\n\n\n\n<p><strong>Durerea cronic\u0103<\/strong>&nbsp;este larg privit\u0103 c\u0103 reprezent\u00e2nd boala \u00eens\u0103\u0219i. Ea poate fi mult \u00eenr\u0103ut\u0103\u021bit\u0103 de c\u0103tre factorii de mediu \u0219i cei psihologici. Durerea cronic\u0103 persist\u0103 o perioada de timp mai lung\u0103 dec\u00e2t durerea acut\u0103 \u0219i este rezistent\u0103 la majoritatea tratamentelor medicale. Ea poate \u0219i adesea chiar cauzeaz\u0103 probleme grave pentru pacient. Semnalele dureroase r\u0103m\u00e2n active \u00een sistemul nervos timp de s\u0103pt\u0103m\u00e2ni, luni sau ani. Efectele fizice includ tensiunea muscular\u0103, mobilitatea limitat\u0103, lipsa de&nbsp;energie \u0219i schimb\u0103ri \u00een poft\u0103 de m\u00e2ncare. Efectele emo\u021bionale includ&nbsp;depresie, sup\u0103rare, anxietate \u0219i team\u0103 de re\u00eemboln\u0103vire. O asemenea team\u0103 poate \u00eempiedica persoana s\u0103 revin\u0103 la munca sa obi\u0219nuit\u0103 sau la distrac\u021biile sale.<\/p>\n\n\n\n<p>Acuzele frecvente de durere cronic\u0103 includ:<\/p>\n\n\n\n<ul class=\"wp-block-list\"><li><strong>durerea de cap,<\/strong><\/li><li>durerea dorso-lombar\u0103,<\/li><li>durerea&nbsp;legat\u0103 de cancer,<\/li><li>durerea artritic\u0103,<\/li><li>&nbsp; &nbsp; &nbsp; durerea&nbsp;neurogen\u0103 (durerea rezultat\u0103 din&nbsp;lezarea nervilor),<\/li><li>&nbsp; &nbsp; &nbsp; durerea&nbsp;psihogen\u0103 (durerea&nbsp;datorat\u0103 nu unei boli trecute&nbsp;leziuni sau vreunui semn vizibil de leziune interioar\u0103).<\/li><\/ul>\n\n\n\n<p>Tratamentul durerii cronice de regul\u0103 implic\u0103 medicamente \u0219i terapie. Medicamentele folosite pentru durerea cronic\u0103 includ analgezice, antidepresive \u0219i anticonvulsivante. Diferite tipuri de medicamente ajut\u0103 persoanele cu diferite tipuri de durere. De obicei, folosi\u021bi medicamente cu ac\u021biune de lung\u0103 durat\u0103 pentru durerile constante. Medicamentele cu ac\u021biune de scurt\u0103 durat\u0103 trateaz\u0103 durerile trec\u0103toare.<\/p>\n\n\n\n<p>Unele tipuri de terapie ajut\u0103 la reducerea durerii dvs. Fizioterapia (cum este stretching-ul) precum \u0219i sporturile cu impact redus (cum sunt mersul pe jos, \u00eenotul sau bicicleta) pot ajuta la reducerea durerii. Totu\u0219i, prea mult sport sau deloc poate d\u0103una pacien\u021bilor cu dureri cronice. Terapia ocupa\u021bional\u0103 v\u0103 \u00eenva\u021b\u0103 cum s\u0103 v\u0103&nbsp;adapta\u021bi ritmul \u0219i cum s\u0103 va realiza\u021bi sarcinile obi\u0219nuite astfel \u00eenc\u00e2t s\u0103 nu va d\u0103uneze. Terapia comportamental\u0103 v\u0103 poate reduce durerea prin metode (cum este medita\u021bia sau yoga) care v\u0103&nbsp;ajut\u0103 s\u0103 v\u0103&nbsp;relaxa\u021bi. Poate ajuta \u0219i la sc\u0103derea stresului.<\/p>\n\n\n\n<p>Schimb\u0103rile de stil de via\u021b\u0103 sunt o parte important\u0103 din tratamentul durerii cronice. Somnul adecvat noaptea \u0219i nu mo\u021b\u0103itul ziua trebuie s\u0103 ajute. Renun\u021barea la fumat de asemenea, deoarece nicotina din \u021big\u0103ri poate face ca anumite medicamente s\u0103 fie mai pu\u021bin eficiente. Fum\u0103torii au mai multe dureri dec\u00e2t nefum\u0103torii.<\/p>\n\n\n\n<p>Majoritatea tratamentelor pentru durere nu v\u0103 vor anula complet durerea. \u00cen schimb, tratamentul va reduce gradul de durere pe care \u00eel ave\u021bi \u0219i de c\u00e2te ori apare. Vorbi\u021bi cu doctorul pentru a afla cel mai bun mod de a v\u0103&nbsp;controla durerea.<\/p>\n","protected":false},"excerpt":{"rendered":"<p>Informa\u021bii privind recuperarea activ\u0103 a pacientului, mobilizarea precoce \u0219i stilul s\u0103n\u0103tos de via\u021b\u0103 al acestuia \u0219i elemente principale de lupt\u0103 \u00eempotriva durerii cronice Recuperarea activ\u0103 a pacientului Programul de recuperare&nbsp;este constituit din totalitatea procedeelor care ajut\u0103 la recuperarea fizic\u0103 \u0219i psihic\u0103 a pacien\u021bilor care au suferit de diferite afec\u021biuni. Reabilitarea trebuie instituit\u0103 c\u00e2t mai cur\u00e2nd<\/p>\n<p><a href=\"https:\/\/policlinica-amaradia.ro\/?page_id=665\" class=\"more-link themebutton\">Read More<\/a><\/p>\n","protected":false},"author":1,"featured_media":0,"parent":0,"menu_order":0,"comment_status":"closed","ping_status":"closed","template":"","meta":{"footnotes":""},"class_list":["post-665","page","type-page","status-publish","hentry"],"_links":{"self":[{"href":"https:\/\/policlinica-amaradia.ro\/index.php?rest_route=\/wp\/v2\/pages\/665","targetHints":{"allow":["GET"]}}],"collection":[{"href":"https:\/\/policlinica-amaradia.ro\/index.php?rest_route=\/wp\/v2\/pages"}],"about":[{"href":"https:\/\/policlinica-amaradia.ro\/index.php?rest_route=\/wp\/v2\/types\/page"}],"author":[{"embeddable":true,"href":"https:\/\/policlinica-amaradia.ro\/index.php?rest_route=\/wp\/v2\/users\/1"}],"replies":[{"embeddable":true,"href":"https:\/\/policlinica-amaradia.ro\/index.php?rest_route=%2Fwp%2Fv2%2Fcomments&post=665"}],"version-history":[{"count":2,"href":"https:\/\/policlinica-amaradia.ro\/index.php?rest_route=\/wp\/v2\/pages\/665\/revisions"}],"predecessor-version":[{"id":667,"href":"https:\/\/policlinica-amaradia.ro\/index.php?rest_route=\/wp\/v2\/pages\/665\/revisions\/667"}],"wp:attachment":[{"href":"https:\/\/policlinica-amaradia.ro\/index.php?rest_route=%2Fwp%2Fv2%2Fmedia&parent=665"}],"curies":[{"name":"wp","href":"https:\/\/api.w.org\/{rel}","templated":true}]}}